 the remainder when 800807 is divided by 813.
2
Calculate the remainder when 30299 is divided by 5386.
3369
Calculate the remainder when 6081766 is divided by 1848.
1846
What is the remainder when 7906606 is divided by 62?
56
Calculate the remainder when 718302 is divided by 2203.
124
Calculate the remainder when 78107970 is divided by 35391.
33
What is the remainder when 565232 is divided by 2884?
2852
Calculate the remainder when 403366 is divided by 50403.
142
Calculate the remainder when 655200 is divided by 594.
18
What is the remainder when 3560123 is divided by 212?
7
Calculate the remainder when 3752418 is divided by 105.
33
What is the remainder when 2245 is divided by 831?
583
Calculate the remainder when 236853 is divided by 20.
13
Calculate the remainder when 2195683 is divided by 1097796.
91
What is the remainder when 2295145 is divided by 118?
45
What is the remainder when 473392 is divided by 569?
553
What is the remainder when 8280 is divided by 3385?
1510
Calculate the remainder when 4380677 is divided by 154.
147
Calculate the remainder when 459960 is divided by 4893.
18
Calculate the remainder when 158337 is divided by 252.
81
What is the remainder when 42911 is divided by 3221?
1038
What is the remainder when 15661622 is divided by 4?
2
Calculate the remainder when 81209212 is divided by 4274169.
1
What is the remainder when 4406369 is divided by 3281?
3267
What is the remainder when 1536911 is divided by 3525?
11
Calculate the remainder when 213112181 is divided by 1095.
1091
What is the remainder when 326372 is divided by 466?
172
Calculate the remainder when 6470157 is divided by 462149.
71
What is the remainder when 2732723 is divided by 455453?
5
Calculate the remainder when 21690 is divided by 7116.
342
What is the remainder when 341200 is divided by 113553?
541
Calculate the remainder when 834686 is divided by 3629.
16
What is the remainder when 3652125 is divided by 1066?
9
What is the remainder when 934677 is divided by 233663?
25
Calculate the remainder when 588723 is divided by 294170.
383
Calculate the remainder when 8707692 is divided by 360.
12
What is the remainder when 355945 is divided by 9078?
1903
What is the remainder when 6220694 is divided by 832?
662
What is the remainder when 3172672 is divided by 10?
2
Calculate the remainder when 379624 is divided by 5129.
78
Calculate the remainder when 4308164 is divided by 2330.
2324
Calculate the remainder when 6527679 is divided by 32968.
15
Calculate the remainder when 75798 is divided by 25254.
36
Calculate the remainder when 28252174 is divided by 828.
814
Calculate the remainder when 65299 is divided by 7224.
283
What is the remainder when 15672246 is divided by 548?
542
Calculate the remainder when 1186132 is divided by 237051.
877
What is the remainder when 54071828 is divided by 102?
98
Calculate the remainder when 2581421 is divided by 26341.
3
Calculate the remainder when 1501237 is divided by 375298.
45
Calculate the remainder when 7021645 is divided by 23.
21
What is the remainder when 4995786 is divided by 41?
18
Calculate the remainder when 2177493 is divided by 5337.
5334
Calculate the remainder when 11529184 is divided by 1647026.
2
What is the remainder when 133500 is divided by 1142?
1028
What is the remainder when 10253372 is divided by 18?
14
Calculate the remainder when 1038844429 is divided by 6154.
6151
What is the remainder when 39428205 is divided by 115?
110
What is the remainder when 1322265 is divided by 7778?
5
Calculate the remainder when 3223128 is divided by 218.
216
What is the remainder when 1280444 is divided by 3231?
968
Calculate the remainder when 432806 is divided by 3056.
1910
What is the remainder when 86274416 is divided by 7189534?
8
Calculate the remainder when 16968650 is divided by 2828104.
26
Calculate the remainder when 398415 is divided by 49795.
55
What is the remainder when 364650 is divided by 1335?
195
What is the remainder when 1300362 is divided by 459?
15
Calculate the remainder when 20451 is divided by 1643.
735
What is the remainder when 317424 is divided by 4465?
409
What is the remainder when 213194260 is divided by 27?
19
Calculate the remainder when 1123825 is divided by 374598.
31
What is the remainder when 215875 is divided by 3087?
2872
Calculate the remainder when 270800 is divided by 992.
976
What is the remainder when 124572 is divided by 31140?
12
Calculate the remainder when 562818 is divided by 562485.
333
Calculate the remainder when 674034 is divided by 51783.
855
Calculate the remainder when 17476661 is divided by 11995.
11941
What is the remainder when 2106109 is divided by 396?
181
What is the remainder when 716337 is divided by 59635?
717
Calculate the remainder when 19453566 is divided by 64.
62
Calculate the remainder when 5216538 is divided by 140.
138
Calculate the remainder when 14415636 is divided by 419.
360
What is the remainder when 18304927 is divided by 70?
67
Calculate the remainder when 32351 is divided by 4152.
3287
What is the remainder when 925243 is divided by 924820?
423
What is the remainder when 3108276 is divided by 259023?
0
Calculate the remainder when 41510774 is divided by 54.
2
What is the remainder when 17019924 is divided by 5673307?
3
Calculate the remainder when 66490 is divided by 729.
151
What is the remainder when 3059809 is divided by 230?
119
What is the remainder when 249358 is divided by 249245?
113
Calculate the remainder when 1108462 is divided by 96.
46
What is the remainder when 2758411 is divided by 2526?
19
What is the remainder when 769496 is divided by 14798?
0
What is the remainder when 56456 is divided by 983?
425
Calculate the remainder when 15747608 is divided by 129.
62
What is the remainder when 2241846 is divided by 186819?
18
What is the remainder when 88503 is divided by 12604?
275
Calculate the remainder when 3722 is divided by 1670.
382
Calculate the remainder when 675149 is divided by 224991.
176
Calculate the remainder when 251143 is divided by 62783.
11
Calculate the remainder when 524616 is divided by 17.
13
What is the remainder when 113935 is divided by 22?
19
Calculate the remainder when 506547 is divided by 29795.
32
Calculate the remainder when 1687320 is divided by 9322.
38
What is the remainder when 9663944 is divided by 1235?
69
What is the remainder when 558215 is divided by 10?
5
What is the remainder when 23309039 is divided by 227?
225
What is the remainder when 2364469 is divided by 2364193?
276
What is the remainder when 19720 is divided by 1403?
78
Calculate the remainder when 454060 is divided by 689.
9
What is the remainder when 69549 is divided by 25?
24
What is the remainder when 13420809 is divided by 593?
33
Calculate the remainder when 4954455 is divided by 165148.
15
Calculate the remainder when 1782539 is divided by 7995.
7649
Calculate the remainder when 57517 is divided by 267.
112
What is the remainder when 314289059 is divided by 10?
9
What is the remainder when 326030 is divided by 204?
38
Calculate the remainder when 103501 is divided by 1307.
248
What is the remainder when 122000 is divided by 5120?
4240
Calculate the remainder when 631594 is divided by 2784.
2410
Calculate the remainder when 47631 is divided by 9233.
1466
What is the remainder when 858228 is divided by 3263?
59
What is the remainder when 13597533 is divided by 57?
12
What is the remainder when 12807294 is divided by 59?
46
Calculate the remainder when 6473658 is divided by 576.
570
Calculate the remainder when 448554565 is divided by 94.
7
What is the remainder when 44741 is divided by 8496?
2261
Calculate the remainder when 475895 is divided by 1392.
1223
What is the remainder when 2175836 is divided by 1178?
70
Calculate the remainder when 42004 is divided by 5247.
28
What is the remainder when 768277 is divided by 35?
27
Calculate the remainder when 528621 is divided by 264308.
5
Calculate the remainder when 49672 is divided by 601.
390
Calculate the remainder when 213361 is divided by 1680.
1
Calculate the remainder when 580236 is divided by 7595.
3016
Calculate the remainder when 89419 is divided by 3863.
570
Calculate the remainder when 15229826 is divided by 31.
22
Calculate the remainder when 2152277 is divided by 3